{"id":175,"date":"2025-10-12T09:30:22","date_gmt":"2025-10-12T09:30:22","guid":{"rendered":"https:\/\/ibericoscaozo.com\/?page_id=175"},"modified":"2025-12-17T18:39:10","modified_gmt":"2025-12-17T18:39:10","slug":"condiciones-generales-de-contratacion-venta","status":"publish","type":"page","link":"https:\/\/ibericoscaozo.com\/index.php\/condiciones-generales-de-contratacion-venta\/","title":{"rendered":"CONDICIONES DE CONTRATACI\u00d3N \/ VENTA"},"content":{"rendered":"\n<h3 class=\"wp-block-heading has-text-align-center has-secondary-color has-text-color has-link-color wp-elements-062a6631d97a33815131d1333c590027\"><strong>Informaci\u00f3n del Vendedor y Aceptaci\u00f3n<\/strong><\/h3>\n\n\n\n<p>Los presentes t\u00e9rminos y condiciones generales de contrataci\u00f3n (en adelante, &#8220;CGC&#8221;) regulan la compra de productos a trav\u00e9s del sitio web <strong><a href=\"https:\/\/ibericoscaozo.com\" target=\"_blank\" rel=\"noreferrer noopener\">https:\/\/ibericoscaozo.com<\/a><\/strong>, propiedad de:<\/p>\n\n\n\n<div class=\"wp-block-columns is-layout-flex wp-container-core-columns-is-layout-28f84493 wp-block-columns-is-layout-flex\">\n<div class=\"wp-block-column is-layout-flow wp-block-column-is-layout-flow\" style=\"flex-basis:25%\"><\/div>\n\n\n\n<div class=\"wp-block-column is-layout-flow wp-block-column-is-layout-flow\" style=\"flex-basis:50%\">\n<ul class=\"wp-block-list\">\n<li><strong>Identidad:<\/strong> Amparo Vicente Fern\u00e1ndez<\/li>\n\n\n\n<li><strong>Nombre Comercial:<\/strong> El Caozo | Gastroteca<\/li>\n\n\n\n<li><strong>NIF:<\/strong> 76122910V<\/li>\n\n\n\n<li><strong>Direcci\u00f3n:<\/strong> Av. del Valle, 20, 10615 Piornal, C\u00e1ceres<\/li>\n\n\n\n<li><strong>Correo Electr\u00f3nico:<\/strong> caozoiberico@gmail.com<\/li>\n<\/ul>\n<\/div>\n\n\n\n<div class=\"wp-block-column is-layout-flow wp-block-column-is-layout-flow\" style=\"flex-basis:25%\"><\/div>\n<\/div>\n\n\n\n<p>La formalizaci\u00f3n de cualquier pedido en este sitio web implica la aceptaci\u00f3n de estas CGC y el Aviso Legal, la Pol\u00edtica de Privacidad y la Pol\u00edtica de Cookies. El Usuario declara ser mayor de edad y tener capacidad legal para contratar.<\/p>\n\n\n\n<h3 class=\"wp-block-heading has-text-align-center has-secondary-color has-text-color has-link-color wp-elements-e7007c3f134864d8a9412078105b4c97\"><strong>Proceso de Compra y Formalizaci\u00f3n del Contrato<\/strong><\/h3>\n\n\n\n<h4 class=\"wp-block-heading has-text-align-center has-secondary-color has-text-color has-link-color wp-elements-f690368880bb94334e47bff215537205\"><strong>Oferta y Vigencia<\/strong><\/h4>\n\n\n\n<p>Los precios y condiciones estar\u00e1n vigentes en todo momento y son vinculantes para el Usuario desde el momento en que realice el pedido. El Caozo se reserva el derecho de modificar los precios y condiciones sin previo aviso, salvo para los pedidos ya confirmados.<\/p>\n\n\n\n<h4 class=\"wp-block-heading has-text-align-center has-secondary-color has-text-color has-link-color wp-elements-b9d3ebd75d558e4f9217d2a626e3e9cc\"><strong>Procedimiento de Pedido<\/strong><\/h4>\n\n\n\n<p>El contrato se formaliza siguiendo los siguientes pasos:<\/p>\n\n\n\n<div class=\"wp-block-columns is-layout-flex wp-container-core-columns-is-layout-28f84493 wp-block-columns-is-layout-flex\">\n<div class=\"wp-block-column is-layout-flow wp-block-column-is-layout-flow\" style=\"flex-basis:25%\"><\/div>\n\n\n\n<div class=\"wp-block-column is-layout-flow wp-block-column-is-layout-flow\" style=\"flex-basis:50%\">\n<ol class=\"wp-block-list\">\n<li><strong>Selecci\u00f3n de Productos:<\/strong> A\u00f1adir los productos al carrito de compra.<\/li>\n\n\n\n<li><strong>Verificaci\u00f3n del Carrito:<\/strong> Revisar el carrito.<\/li>\n\n\n\n<li><strong>Datos del Cliente:<\/strong> Proporcionar los datos de facturaci\u00f3n y env\u00edo.<\/li>\n\n\n\n<li><strong>Aceptaci\u00f3n:<\/strong> Aceptar expresamente las presentes CGC marcando la casilla correspondiente.<\/li>\n\n\n\n<li><strong>Pago:<\/strong> Seleccionar la forma de pago y realizar el abono.<\/li>\n<\/ol>\n<\/div>\n\n\n\n<div class=\"wp-block-column is-layout-flow wp-block-column-is-layout-flow\" style=\"flex-basis:25%\"><\/div>\n<\/div>\n\n\n\n<h4 class=\"wp-block-heading has-text-align-center has-secondary-color has-text-color has-link-color wp-elements-3ae4db4cbbbb2d0cc0201e1409456c3b\"><strong>Confirmaci\u00f3n del Pedido<\/strong><\/h4>\n\n\n\n<p>El contrato se entender\u00e1 perfeccionado en el momento en que el Usuario reciba una <strong>confirmaci\u00f3n del pedido<\/strong> por correo electr\u00f3nico, que incluir\u00e1 un resumen de la compra, los datos de env\u00edo y la factura (o enlace a la misma).<\/p>\n\n\n\n<h3 class=\"wp-block-heading has-text-align-center has-secondary-color has-text-color has-link-color wp-elements-4c04cad90f7dbf96afb7e6ece9366d5c\"><strong>Precios y Formas de Pago<\/strong><\/h3>\n\n\n\n<h4 class=\"wp-block-heading has-text-align-center has-secondary-color has-text-color has-link-color wp-elements-476d208252feb28175bd349c73dc9861\"><strong>Precios<\/strong><\/h4>\n\n\n\n<p>Los precios aplicables son los indicados en la web en la fecha de la compra y se expresan en euros (\u20ac).<\/p>\n\n\n\n<ul class=\"wp-block-list\">\n<li>Todos los precios incluyen el <strong>Impuesto sobre el Valor A\u00f1adido (IVA)<\/strong> aplicable en Espa\u00f1a.<\/li>\n\n\n\n<li><strong>Los precios de los productos mostrados en la web incluyen el coste del env\u00edo<\/strong>, por lo que <strong>no se aplicar\u00e1n costes adicionales<\/strong> en concepto de transporte durante el proceso de compra.<\/li>\n<\/ul>\n\n\n\n<h4 class=\"wp-block-heading has-text-align-center has-secondary-color has-text-color has-link-color wp-elements-79d9aca20fbc032283c2a733da08fd5f\"><strong>Formas de Pago<\/strong><\/h4>\n\n\n\n<p>El Caozo acepta las siguientes formas de pago:<\/p>\n\n\n\n<div class=\"wp-block-columns is-layout-flex wp-container-core-columns-is-layout-28f84493 wp-block-columns-is-layout-flex\">\n<div class=\"wp-block-column is-layout-flow wp-block-column-is-layout-flow\" style=\"flex-basis:25%\"><\/div>\n\n\n\n<div class=\"wp-block-column is-layout-flow wp-block-column-is-layout-flow\" style=\"flex-basis:50%\">\n<ul class=\"wp-block-list\">\n<li><strong>Tarjeta de Cr\u00e9dito\/D\u00e9bito<\/strong>.<\/li>\n\n\n\n<li><strong>PayPal.<\/strong><\/li>\n\n\n\n<li><strong>Transferencia Bancaria<\/strong>.<\/li>\n<\/ul>\n<\/div>\n\n\n\n<div class=\"wp-block-column is-layout-flow wp-block-column-is-layout-flow\" style=\"flex-basis:25%\"><\/div>\n<\/div>\n\n\n\n<h3 class=\"wp-block-heading has-text-align-center has-secondary-color has-text-color has-link-color wp-elements-9f2a2ac44e65e6b825ec12a66903c35a\"><strong>Pol\u00edtica de Env\u00edos y Entregas<\/strong><\/h3>\n\n\n\n<h4 class=\"wp-block-heading has-text-align-center has-secondary-color has-text-color has-link-color wp-elements-8de9a65c7b14f013a0a551fe79934401\"><strong>Plazos de Entrega<\/strong><\/h4>\n\n\n\n<p>El plazo de entrega habitual es de <strong>2 a 4 d\u00edas laborables<\/strong> desde la confirmaci\u00f3n del pago. Los plazos pueden variar en funci\u00f3n de la disponibilidad del stock o la ubicaci\u00f3n geogr\u00e1fica. Si el plazo supera los 30 d\u00edas naturales desde la compra, el cliente tendr\u00e1 derecho a anular el pedido y solicitar el reembolso.<\/p>\n\n\n\n<h4 class=\"wp-block-heading has-text-align-center has-secondary-color has-text-color has-link-color wp-elements-d37262541ede15ae8a7daac4480fcc5f\"><strong>Gastos de Env\u00edo<\/strong><\/h4>\n\n\n\n<p><strong>No se aplicar\u00e1n gastos de env\u00edo adicionales,<\/strong> ya que estos est\u00e1n incluidos en el precio final de cada producto.<\/p>\n\n\n\n<h4 class=\"wp-block-heading has-text-align-center has-secondary-color has-text-color has-link-color wp-elements-87e16bd322a2fa9d1992705019527247\"><strong>Recepci\u00f3n y Riesgo<\/strong><\/h4>\n\n\n\n<ul class=\"wp-block-list\">\n<li>El riesgo sobre la mercanc\u00eda pasa al cliente en el momento de la entrega en la direcci\u00f3n especificada.<\/li>\n\n\n\n<li>Si el embalaje llega da\u00f1ado o abierto, el Usuario debe <strong>dejar constancia de ello en el albar\u00e1n del transportista<\/strong> y notificar la incidencia a El Caozo en un plazo m\u00e1ximo de <strong>24 horas<\/strong> tras la recepci\u00f3n para poder gestionar la reclamaci\u00f3n.<\/li>\n<\/ul>\n\n\n\n<h3 class=\"wp-block-heading has-text-align-center has-secondary-color has-text-color has-link-color wp-elements-c2eb4241748d729f0f09e11ff675bea0\"><strong>Derecho de Desistimiento y Excepciones (Devoluciones)<\/strong><\/h3>\n\n\n\n<p>De conformidad con la Ley General para la Defensa de los Consumidores y Usuarios, el cliente tiene derecho a desistir del contrato en un plazo de 14 d\u00edas naturales, pero existen <strong>excepciones cruciales<\/strong> para los productos de alimentaci\u00f3n.<\/p>\n\n\n\n<h4 class=\"wp-block-heading has-text-align-center has-secondary-color has-text-color has-link-color wp-elements-f277b750d62a5eb5ddc6d26e0a22b7c1\"><strong>Excepci\u00f3n al Desistimiento (Productos Perecederos)<\/strong><\/h4>\n\n\n\n<p>El derecho de desistimiento <strong>no ser\u00e1 aplicable<\/strong> al suministro de bienes que puedan deteriorarse o caducar con rapidez (productos frescos, jamones y embutidos abiertos, etc.), ni a los bienes precintados que no sean aptos para ser devueltos por razones de protecci\u00f3n de la salud o de higiene y que hayan sido desprecintados tras la entrega.<\/p>\n\n\n\n<p><strong>Por lo tanto, no se admiten devoluciones por desistimiento (cambio de opini\u00f3n) de los productos gourmet de alimentaci\u00f3n, salvo que se trate de un error nuestro o defecto de calidad.<\/strong><\/p>\n\n\n\n<h4 class=\"wp-block-heading has-text-align-center has-secondary-color has-text-color has-link-color wp-elements-b536695048f0cfab5eff1eee58ba9add\"><strong>Devoluciones por Defecto o Error (Garant\u00eda Legal)<\/strong><\/h4>\n\n\n\n<p>Si el producto recibido presenta una tara, defecto de fabricaci\u00f3n, o si se ha enviado un producto err\u00f3neo, El Caozo asumir\u00e1 los costes de recogida y reenv\u00edo del producto correcto, siempre que el cliente notifique la incidencia en un plazo m\u00e1ximo de <strong>48 horas<\/strong> desde la recepci\u00f3n.<\/p>\n\n\n\n<ul class=\"wp-block-list\">\n<li>El producto debe ser devuelto en su embalaje original y sin haber sido consumido o manipulado (salvo lo necesario para verificar el defecto).<\/li>\n\n\n\n<li>Tras la recepci\u00f3n y comprobaci\u00f3n del defecto, se proceder\u00e1 a la sustituci\u00f3n o al reembolso del importe.<\/li>\n<\/ul>\n\n\n\n<h4 class=\"wp-block-heading has-text-align-center has-secondary-color has-text-color has-link-color wp-elements-6fd672b18af53a80a049dd7d8211a23e\"><strong>Modelo de Formulario de Desistimiento (Solo para productos no perecederos)<\/strong><\/h4>\n\n\n\n<p>El Usuario puede ejercer el desistimiento (solo si aplica) enviando un correo a caozoiberico@gmail.com o utilizando el siguiente formulario:<\/p>\n\n\n\n<blockquote class=\"wp-block-quote is-layout-flow wp-block-quote-is-layout-flow\">\n<p><strong>MODELO DE FORMULARIO DE DESISTIMIENTO<\/strong> (Solo debe cumplimentar y enviar el presente formulario si desea desistir del contrato)<\/p>\n\n\n\n<ul class=\"wp-block-list\">\n<li>A\/A: Amparo Vicente Fern\u00e1ndez (El Caozo | Gastroteca)<\/li>\n\n\n\n<li>Direcci\u00f3n: Av. del Valle, 20, 10615 Piornal, C\u00e1ceres<\/li>\n\n\n\n<li>Correo electr\u00f3nico: caozoiberico@gmail.com<\/li>\n\n\n\n<li>Por la presente le comunico que desisto de mi contrato de venta del siguiente bien: [INDICAR PRODUCTO]<\/li>\n\n\n\n<li>Pedido el\/recibido el: [INDICAR FECHA]<\/li>\n\n\n\n<li>Nombre del consumidor y usuario: [NOMBRE]<\/li>\n\n\n\n<li>Domicilio del consumidor y usuario: [DOMICILIO]<\/li>\n\n\n\n<li>Fecha y Firma:<\/li>\n<\/ul>\n<\/blockquote>\n\n\n\n<h3 class=\"wp-block-heading has-text-align-center has-secondary-color has-text-color has-link-color wp-elements-380d3ccd5baf616e083092be16dcee69\"><strong>Ley Aplicable y Jurisdicci\u00f3n Competente<\/strong><\/h3>\n\n\n\n<p>Estas Condiciones se rigen por la legislaci\u00f3n espa\u00f1ola. Las partes se someten, para la resoluci\u00f3n de los conflictos, a los Juzgados y Tribunales del domicilio del consumidor.<\/p>\n","protected":false},"excerpt":{"rendered":"<p>Informaci\u00f3n del Vendedor y Aceptaci\u00f3n Los presentes t\u00e9rminos y condiciones generales de contrataci\u00f3n (en adelante, &#8220;CGC&#8221;) regulan la compra de [&hellip;]<\/p>\n","protected":false},"author":1,"featured_media":0,"parent":0,"menu_order":0,"comment_status":"closed","ping_status":"closed","template":"","meta":{"site-sidebar-layout":"default","site-content-layout":"","ast-site-content-layout":"default","site-content-style":"default","site-sidebar-style":"default","ast-global-header-display":"","ast-banner-title-visibility":"","ast-main-header-display":"","ast-hfb-above-header-display":"","ast-hfb-below-header-display":"","ast-hfb-mobile-header-display":"","site-post-title":"","ast-breadcrumbs-content":"","ast-featured-img":"","footer-sml-layout":"","ast-disable-related-posts":"","theme-transparent-header-meta":"","adv-header-id-meta":"","stick-header-meta":"","header-above-stick-meta":"","header-main-stick-meta":"","header-below-stick-meta":"","astra-migrate-meta-layouts":"default","ast-page-background-enabled":"default","ast-page-background-meta":{"desktop":{"background-color":"var(--ast-global-color-5)","background-image":"","background-repeat":"repeat","background-position":"center center","background-size":"auto","background-attachment":"scroll","background-type":"","background-media":"","overlay-type":"","overlay-color":"","overlay-opacity":"","overlay-gradient":""},"tablet":{"background-color":"","background-image":"","background-repeat":"repeat","background-position":"center center","background-size":"auto","background-attachment":"scroll","background-type":"","background-media":"","overlay-type":"","overlay-color":"","overlay-opacity":"","overlay-gradient":""},"mobile":{"background-color":"","background-image":"","background-repeat":"repeat","background-position":"center center","background-size":"auto","background-attachment":"scroll","background-type":"","background-media":"","overlay-type":"","overlay-color":"","overlay-opacity":"","overlay-gradient":""}},"ast-content-background-meta":{"desktop":{"background-color":"var(--ast-global-color-4)","background-image":"","background-repeat":"repeat","background-position":"center center","background-size":"auto","background-attachment":"scroll","background-type":"","background-media":"","overlay-type":"","overlay-color":"","overlay-opacity":"","overlay-gradient":""},"tablet":{"background-color":"var(--ast-global-color-4)","background-image":"","background-repeat":"repeat","background-position":"center center","background-size":"auto","background-attachment":"scroll","background-type":"","background-media":"","overlay-type":"","overlay-color":"","overlay-opacity":"","overlay-gradient":""},"mobile":{"background-color":"var(--ast-global-color-4)","background-image":"","background-repeat":"repeat","background-position":"center center","background-size":"auto","background-attachment":"scroll","background-type":"","background-media":"","overlay-type":"","overlay-color":"","overlay-opacity":"","overlay-gradient":""}},"footnotes":""},"class_list":["post-175","page","type-page","status-publish","hentry"],"_links":{"self":[{"href":"https:\/\/ibericoscaozo.com\/index.php\/wp-json\/wp\/v2\/pages\/175","targetHints":{"allow":["GET"]}}],"collection":[{"href":"https:\/\/ibericoscaozo.com\/index.php\/wp-json\/wp\/v2\/pages"}],"about":[{"href":"https:\/\/ibericoscaozo.com\/index.php\/wp-json\/wp\/v2\/types\/page"}],"author":[{"embeddable":true,"href":"https:\/\/ibericoscaozo.com\/index.php\/wp-json\/wp\/v2\/users\/1"}],"replies":[{"embeddable":true,"href":"https:\/\/ibericoscaozo.com\/index.php\/wp-json\/wp\/v2\/comments?post=175"}],"version-history":[{"count":5,"href":"https:\/\/ibericoscaozo.com\/index.php\/wp-json\/wp\/v2\/pages\/175\/revisions"}],"predecessor-version":[{"id":277,"href":"https:\/\/ibericoscaozo.com\/index.php\/wp-json\/wp\/v2\/pages\/175\/revisions\/277"}],"wp:attachment":[{"href":"https:\/\/ibericoscaozo.com\/index.php\/wp-json\/wp\/v2\/media?parent=175"}],"curies":[{"name":"wp","href":"https:\/\/api.w.org\/{rel}","templated":true}]}}