{"id":168,"date":"2025-10-11T09:46:59","date_gmt":"2025-10-11T09:46:59","guid":{"rendered":"https:\/\/ibericoscaozo.com\/?page_id=168"},"modified":"2025-12-17T18:45:12","modified_gmt":"2025-12-17T18:45:12","slug":"politica-de-cookies","status":"publish","type":"page","link":"https:\/\/ibericoscaozo.com\/index.php\/politica-de-cookies\/","title":{"rendered":"POL\u00cdTICA DE COOKIES"},"content":{"rendered":"\n<h3 class=\"wp-block-heading has-text-align-center has-secondary-color has-text-color has-link-color wp-elements-6be890db757b961b4e9183362dc4087e\"><strong>NAVEGACI\u00d3N CON COOKIES<\/strong><\/h3>\n\n\n\n<p>El sitio web <strong><a target=\"_blank\" rel=\"noreferrer noopener\" href=\"https:\/\/ibericoscaozo.com\">https:\/\/ibericoscaozo.com<\/a><\/strong> utiliza <em>cookies<\/em> con el objetivo de permitir y facilitar la interacci\u00f3n del usuario, asegurar la funcionalidad del carrito de compra y realizar an\u00e1lisis estad\u00edsticos de la navegaci\u00f3n.<\/p>\n\n\n\n<p>El acceso, uso y navegaci\u00f3n por nuestra web implican necesariamente el <strong>consentimiento del usuario<\/strong> a la instalaci\u00f3n de las cookies t\u00e9cnicas y funcionales esenciales.<\/p>\n\n\n\n<p>Usted tiene la posibilidad de gestionar, eliminar y bloquear la generaci\u00f3n de cookies mediante el panel de consentimiento o la configuraci\u00f3n de su navegador. Sin embargo, tenga en cuenta que la desactivaci\u00f3n de las cookies necesarias puede impedir el buen funcionamiento del sitio web y el proceso de compra.<\/p>\n\n\n\n<h3 class=\"wp-block-heading has-text-align-center has-secondary-color has-text-color has-link-color wp-elements-0783bbfcb33f37ce5684bd3fe7491e92\"><strong>\u00bfQU\u00c9 ES UNA COOKIE Y PARA QU\u00c9 SIRVE?<\/strong><\/h3>\n\n\n\n<p>Una cookie es un peque\u00f1o archivo de informaci\u00f3n que se descarga en su dispositivo al acceder a una p\u00e1gina web.<\/p>\n\n\n\n<p>Las cookies permiten a la web almacenar y recuperar informaci\u00f3n sobre sus h\u00e1bitos de navegaci\u00f3n o preferencias, lo que se utiliza, por ejemplo, para recordar su carrito de compra o para reconocerle en futuras visitas.<\/p>\n\n\n\n<h3 class=\"wp-block-heading has-text-align-center has-secondary-color has-text-color has-link-color wp-elements-dce9f349de4dcc17f41141e427ba19bf\"><strong>QUI\u00c9N UTILIZA LA INFORMACI\u00d3N ALMACENADA EN LAS COOKIES<\/strong><\/h3>\n\n\n\n<p>La informaci\u00f3n almacenada es utilizada por <strong>Amparo Vicente Fern\u00e1ndez<\/strong> (El Caozo | Gastroteca). Las cookies identificadas como de terceros son utilizadas por entidades externas para proporcionarnos servicios clave para el funcionamiento de la tienda (como Google para la anal\u00edtica y Sendcloud para la log\u00edstica).<\/p>\n\n\n\n<h3 class=\"wp-block-heading has-text-align-center has-secondary-color has-text-color has-link-color wp-elements-551ee48ddeb4977678f58610863fc1c9\"><strong>TIPOS DE COOKIES Y SU USO EN LA WEB<\/strong><\/h3>\n\n\n\n<h4 class=\"wp-block-heading has-text-align-center has-secondary-color has-text-color has-link-color wp-elements-435284ad54ae8afe66a4702920f3b698\"><strong>Cookies T\u00e9cnicas o Necesarias (Propias)<\/strong><\/h4>\n\n\n\n<p>Son imprescindibles para el funcionamiento esencial de la tienda y no requieren de su consentimiento, ya que sin ellas la compra no se podr\u00eda realizar.<\/p>\n\n\n\n<ul class=\"wp-block-list\">\n<li><strong>Finalidad:<\/strong> Permiten la navegaci\u00f3n, el inicio de sesi\u00f3n y, crucialmente, la gesti\u00f3n del carrito de compra y el proceso de pago en WooCommerce.<\/li>\n\n\n\n<li><strong>Ejemplos (Sesi\u00f3n\/Corta Duraci\u00f3n):<\/strong> <code>woocommerce_cart_hash<\/code>, <code>wp_woocommerce_session_<\/code>, <code>wordpress_test_cookie<\/code>.<\/li>\n\n\n\n<li><strong>Ejemplo (Funcional):<\/strong> <code>viewed_cookie_policy<\/code> (registra que ya ha aceptado las cookies).<\/li>\n<\/ul>\n\n\n\n<h4 class=\"wp-block-heading has-text-align-center has-secondary-color has-text-color has-link-color wp-elements-b783ed850557e6b8f8d35c20aa18e5c6\"><strong>Cookies Anal\u00edticas o de Medici\u00f3n (Terceros)<\/strong><\/h4>\n\n\n\n<p>Estas cookies nos permiten medir el tr\u00e1fico y analizar la utilizaci\u00f3n que hacen los usuarios de la web, con el fin de mejorar nuestros servicios y productos. <strong>Solo se instalan con su consentimiento expreso.<\/strong><\/p>\n\n\n\n<ul class=\"wp-block-list\">\n<li><strong>Servicio:<\/strong> <strong>Google Analytics<\/strong>.<\/li>\n\n\n\n<li><strong>Finalidad:<\/strong> Registrar una identificaci\u00f3n \u00fanica para generar datos estad\u00edsticos an\u00f3nimos sobre su navegaci\u00f3n.<\/li>\n\n\n\n<li><strong>Ejemplos:<\/strong> <code>_ga<\/code> (2 a\u00f1os), <code>_gid<\/code> (24 horas), <code>_gat<\/code> (1 minuto).<\/li>\n<\/ul>\n\n\n\n<h4 class=\"wp-block-heading has-text-align-center has-secondary-color has-text-color has-link-color wp-elements-c9bc7d1ea53458fa56e1318c62bfe9f9\"><strong>Cookies de Funcionalidad y Log\u00edstica (Terceros)<\/strong><\/h4>\n\n\n\n<p>Estas cookies son necesarias para la integraci\u00f3n de servicios de terceros que usted utiliza al comprar en nuestra tienda.<\/p>\n\n\n\n<ul class=\"wp-block-list\">\n<li><strong>Servicio:<\/strong> <strong>Sendcloud\/MRW<\/strong>.<\/li>\n\n\n\n<li><strong>Finalidad:<\/strong> Cookies utilizadas por el plugin de gesti\u00f3n de env\u00edos para asociar su pedido con la etiqueta de transporte y el seguimiento log\u00edstico.<\/li>\n<\/ul>\n\n\n\n<h3 class=\"wp-block-heading has-text-align-center has-secondary-color has-text-color has-link-color wp-elements-643689a1e5d883cc905ac3c5f12c8ea4\"><strong>C\u00d3MO CONTROLAR Y ELIMINAR LAS COOKIES<\/strong><\/h3>\n\n\n\n<p>Usted puede revocar o modificar su consentimiento en cualquier momento.<\/p>\n\n\n\n<ol start=\"1\" class=\"wp-block-list\">\n<li><strong>A trav\u00e9s de nuestro Panel de Consentimiento:<\/strong> Puede acceder al <div id=\"cmplz-manage-consent-container-nojavascript\">Has cargado la pol\u00edtica de cookies sin compatibilidad con JavaScript.&nbsp;En AMP, puedes utilizar el bot\u00f3n de gestionar el consentimiento en la parte inferior de la p\u00e1gina.<\/div><div id=\"cmplz-manage-consent-container\" name=\"cmplz-manage-consent-container\" class=\"cmplz-manage-consent-container\"><\/div> para configurar qu\u00e9 cookies acepta o rechaza.<\/li>\n\n\n\n<li><strong>A trav\u00e9s de su Navegador:<\/strong>\n<ul class=\"wp-block-list\">\n<li><strong>Permitir, Bloquear o Eliminar:<\/strong> Todos los navegadores le permiten configurar esta opci\u00f3n, generalmente en el men\u00fa &#8220;Preferencias&#8221; o &#8220;Herramientas&#8221;.<\/li>\n\n\n\n<li><strong>Instrucciones:<\/strong> Puede encontrar informaci\u00f3n sobre c\u00f3mo hacerlo si usa: <\/li>\n\n\n\n<li><strong>Firefox<\/strong> (Mozilla):<\/li>\n\n\n\n<li><code><a href=\"https:\/\/support.mozilla.org\/es\/kb\/habilitar-y-deshabilitar-cookies-que-los-sitios-web\">https:\/\/support.mozilla.org\/es\/kb\/habilitar-y-deshabilitar-cookies-que-los-sitios-web<\/a><\/code><\/li>\n\n\n\n<li><strong>Chrome<\/strong> (Google):<\/li>\n\n\n\n<li><code><a href=\"https:\/\/support.google.com\/chrome\/answer\/95647?hl=gn\">https:\/\/support.google.com\/chrome\/answer\/95647?hl=gn<\/a><\/code><\/li>\n\n\n\n<li><strong>Internet Explorer<\/strong> (Microsoft):<\/li>\n\n\n\n<li><code><a href=\"https:\/\/support.microsoft.com\/es-es\/windows\/eliminar-y-administrar-cookies-168dab11-0753-043d-7c16-ede5947fc64d\">https:\/\/support.microsoft.com\/es-es\/windows\/eliminar-y-administrar-cookies-168dab11-0753-043d-7c16-ede5947fc64d<\/a><\/code><\/li>\n\n\n\n<li><strong>Microsoft Edge<\/strong> (Microsoft):<\/li>\n\n\n\n<li><code><a href=\"https:\/\/support.microsoft.com\/es-es\/windows\/microsoft-edge-datos-de-exploraci%C3%B3n-y-privacidad-bb8174ba-9d73-dcf2-9b4a-c5825287127a\">https:\/\/support.microsoft.com\/es-es\/windows\/microsoft-edge-datos-de-exploraci%C3%B3n-y-privacidad-bb8174ba-9d73-dcf2-9b4a-c5825287127a<\/a><\/code><\/li>\n\n\n\n<li><strong>Safari<\/strong> (Apple):<\/li>\n\n\n\n<li><code><a href=\"https:\/\/support.apple.com\/es-es\/guide\/safari\/sfri11471\/mac\">https:\/\/support.apple.com\/es-es\/guide\/safari\/sfri11471\/mac<\/a><\/code><\/li>\n<\/ul>\n<\/li>\n<\/ol>\n\n\n\n<p><strong>Importante:<\/strong> Deshabilitar las cookies t\u00e9cnicas puede afectar seriamente la funcionalidad de la tienda y el proceso de hacer un pedido.<\/p>\n\n\n\n<h3 class=\"wp-block-heading has-text-align-center has-secondary-color has-text-color has-link-color wp-elements-829844fea6a2cc46b589320c4868e18f\"><strong>DUDAS Y CONTACTO<\/strong><\/h3>\n\n\n\n<p>Si necesita m\u00e1s detalles sobre nuestra Pol\u00edtica de Cookies, puede contactarnos en <strong>caozoiberico@gmail.com<\/strong>.<\/p>\n","protected":false},"excerpt":{"rendered":"<p>NAVEGACI\u00d3N CON COOKIES El sitio web https:\/\/ibericoscaozo.com utiliza cookies con el objetivo de permitir y facilitar la interacci\u00f3n del usuario, [&hellip;]<\/p>\n","protected":false},"author":1,"featured_media":0,"parent":0,"menu_order":0,"comment_status":"closed","ping_status":"closed","template":"","meta":{"site-sidebar-layout":"default","site-content-layout":"","ast-site-content-layout":"default","site-content-style":"default","site-sidebar-style":"default","ast-global-header-display":"","ast-banner-title-visibility":"","ast-main-header-display":"","ast-hfb-above-header-display":"","ast-hfb-below-header-display":"","ast-hfb-mobile-header-display":"","site-post-title":"","ast-breadcrumbs-content":"","ast-featured-img":"","footer-sml-layout":"","ast-disable-related-posts":"","theme-transparent-header-meta":"","adv-header-id-meta":"","stick-header-meta":"","header-above-stick-meta":"","header-main-stick-meta":"","header-below-stick-meta":"","astra-migrate-meta-layouts":"default","ast-page-background-enabled":"default","ast-page-background-meta":{"desktop":{"background-color":"var(--ast-global-color-5)","background-image":"","background-repeat":"repeat","background-position":"center center","background-size":"auto","background-attachment":"scroll","background-type":"","background-media":"","overlay-type":"","overlay-color":"","overlay-opacity":"","overlay-gradient":""},"tablet":{"background-color":"","background-image":"","background-repeat":"repeat","background-position":"center center","background-size":"auto","background-attachment":"scroll","background-type":"","background-media":"","overlay-type":"","overlay-color":"","overlay-opacity":"","overlay-gradient":""},"mobile":{"background-color":"","background-image":"","background-repeat":"repeat","background-position":"center center","background-size":"auto","background-attachment":"scroll","background-type":"","background-media":"","overlay-type":"","overlay-color":"","overlay-opacity":"","overlay-gradient":""}},"ast-content-background-meta":{"desktop":{"background-color":"var(--ast-global-color-4)","background-image":"","background-repeat":"repeat","background-position":"center center","background-size":"auto","background-attachment":"scroll","background-type":"","background-media":"","overlay-type":"","overlay-color":"","overlay-opacity":"","overlay-gradient":""},"tablet":{"background-color":"var(--ast-global-color-4)","background-image":"","background-repeat":"repeat","background-position":"center center","background-size":"auto","background-attachment":"scroll","background-type":"","background-media":"","overlay-type":"","overlay-color":"","overlay-opacity":"","overlay-gradient":""},"mobile":{"background-color":"var(--ast-global-color-4)","background-image":"","background-repeat":"repeat","background-position":"center center","background-size":"auto","background-attachment":"scroll","background-type":"","background-media":"","overlay-type":"","overlay-color":"","overlay-opacity":"","overlay-gradient":""}},"footnotes":""},"class_list":["post-168","page","type-page","status-publish","hentry"],"_links":{"self":[{"href":"https:\/\/ibericoscaozo.com\/index.php\/wp-json\/wp\/v2\/pages\/168","targetHints":{"allow":["GET"]}}],"collection":[{"href":"https:\/\/ibericoscaozo.com\/index.php\/wp-json\/wp\/v2\/pages"}],"about":[{"href":"https:\/\/ibericoscaozo.com\/index.php\/wp-json\/wp\/v2\/types\/page"}],"author":[{"embeddable":true,"href":"https:\/\/ibericoscaozo.com\/index.php\/wp-json\/wp\/v2\/users\/1"}],"replies":[{"embeddable":true,"href":"https:\/\/ibericoscaozo.com\/index.php\/wp-json\/wp\/v2\/comments?post=168"}],"version-history":[{"count":5,"href":"https:\/\/ibericoscaozo.com\/index.php\/wp-json\/wp\/v2\/pages\/168\/revisions"}],"predecessor-version":[{"id":281,"href":"https:\/\/ibericoscaozo.com\/index.php\/wp-json\/wp\/v2\/pages\/168\/revisions\/281"}],"wp:attachment":[{"href":"https:\/\/ibericoscaozo.com\/index.php\/wp-json\/wp\/v2\/media?parent=168"}],"curies":[{"name":"wp","href":"https:\/\/api.w.org\/{rel}","templated":true}]}}